2))?
15
Calculate (52 - 84 - 57) + 58.
-31
Evaluate -53 + 0 + -4287 + 4315.
-25
What is the value of -5 + 48 + (-1461 - -1419)?
1
Calculate 15 + (19 - 27) - (-1 - (-4 - -10)).
14
Calculate (-8 - -1 - 4 - -22 - 5) + -67.
-61
What is the value of (3 - -10) + (-36 - -45) + 7 + -20?
9
Evaluate (-18 - 15) + 48 - -15.
30
Evaluate 53 + -133 - -4 - 12.
-88
Calculate (-1 - (9 - -2)) + 2 + 0 - (-2 - 2).
-6
What is the value of 4 + 1 - (-20 + 3 + 25 + 9) - 87?
-99
(-27 - (15 - (28 - 20))) + (1 - -6)
-27
Evaluate (-3 - -52 - -6) + (47 - 113) + 55.
44
What is the value of (1 - -9) + 10 + -9 - (41 + -24 - 115)?
109
What is (21 - 19) + (7 - 12 - (1 + -6)) + 3?
5
What is the value of -381 + 329 + -11 + 0?
-63
-30 + (24 - 1) - (34 + (-5 + 5 - -5))
-46
What is the value of (21 + 52 - -26) + -74?
25
Evaluate 4 - (-25 + 27 + (1 - -4) + -5) - 50.
-48
Evaluate -32 - 0 - (153 + -14 + -172).
1
Calculate -77 - (-121 - (101 - 125)).
20
(5 - -2) + -129 + 52 + (2 - -6)
-62
What is the value of (30 - 50) + (-9 - 2)?
-31
-169 + (31 - 53) + 81
-110
What is (-98 - -39) + 20 + 80 + -95?
-54
-19 + (16 + (-33 - -12) - (-74 + 7))
43
26 - ((-6 + 2 - -4) + (7 + -10 - -1))
28
What is -11701 + 11698 + (-1 - (0 - (2 + 0)))?
-2
What is the value of 0 - (15 + (1 - (34 + 17)))?
35
Evaluate -1 + 138 + -105 + 7 + -2.
37
What is -4 - (-3 - -37) - ((17 - (0 - -2)) + -9)?
-44
-26 - ((90 - 61) + 29)
-84
Evaluate (-5595 - -5653) + 0 + 5.
63
Evaluate (3 - -21 - 21) + 5.
8
Evaluate 62 - 155 - ((22 - 2) + (-7 - -1)).
-107
Calculate 2 + -65 + 2 + (-3224 - -3225).
-60
What is the value of 1385 - 1398 - ((4 - -65) + 2 + -5)?
-79
Evaluate 154 - 139 - (0 + (-27 - 3)).
45
-9 + (16 - (8 + -4 + 0 + -2)) - -65
70
Evaluate -61 + 10 + -12 + 11 + -25 + 1 + 7.
-69
Calculate -20 + (-13 - (-1 + -6)) - (13 - 24).
-15
Calculate -7 - -21 - 0 - 17 - (0 - -13).
-16
What is -42 - (-16 - 24) - (8 - -14)?
-24
What is the value of 42 + (40 - 47) + 0 + -70?
-35
What is 17 + -4 + (-26 - 38) + 16?
-35
What is -6 - (-29 - (-45 + 14))?
-8
What is -46 + (-1050 - -1001 - (-22 - 1))?
-72
Evaluate 2 + -12 + 2 + (-19 - (-7 - (2 + -16))).
-34
(13 - 1 - (-2 + -17 - (-139 + 114))) + -67
-61
(28 - 4) + -27 - (-50 - (-5 + 15))
57
Calculate (4 - 20) + (-29 - (-3 + -18)).
-24
What is 72 + (-7 - (0 + 1) - 4) + (103 - 102)?
61
Evaluate 71 + -32 + 16 + -1.
54
What is the value of (72 + -79 - (0 + 0)) + -125 + 47?
-85
What is (9 - -6) + (-20 - -49)?
44
Evaluate 7 + 12 - (4 - (31 + -5)).
41
What is the value of -1 + 14 + (3 + -19 - (98 - 115))?
14
Evaluate 27 + -117 + 71 + -9 + 0.
-28
-20 - 1 - (-51 - (-67 + 8))
-29
What is -760 + 845 + (0 - 109)?
-24
Evaluate 23 + -56 + (9 - -66).
42
What is the value of 0 + -12 + (23 + -50 - -12 - -17) + -91?
-101
-3 - (137 - 88 - 31 - (35 - 1))
13
What is -21 - (-6 + 12 + -49) - 11?
11
Evaluate (-5 - 0) + -22 + 46 + -23 + 28.
24
Evaluate (23 - (63 - 32)) + (1 - 0) + -11.
-18
-63 - (-77 - (7 - -4))
25
What is the value of (19 - (37 - 32)) + -41 - -17?
-10
Calculate (2 - -21 - (5 - -19)) + -24.
-25
Calculate (-82 - 1) + (-1563 - -1601).
-45
Evaluate (-85 + 6 + -8 - -18) + (-1 - (-10 + 4)).
-64
What is -658 - -708 - (3 - -105)?
-58
Evaluate -8 - ((1 - -51) + 24 + (8 - (60 + -33))).
-65
What is -3 + -1 + (-428 - -438) - (-1 - 38)?
45
What is the value of -16 + (-10 - (7 - (-2 + (-14 - -26 - 1))))?
-24
Calculate -9 + 2 + 1 + 2374 + -2351.
17
What is 0 - 14 - 1 - ((1343 - 1360) + (1 - -25))?
-24
Evaluate -1 - 6 - (4 + 2 + 1 - (-12 + 1)).
-25
What is -6 - (-49 + 166) - -76?
-47
Calculate (63 - 98) + (-15 - -6 - -9) + 3.
-32
Evaluate 0 + 1 + 0 - (-7997 - -7993).
5
Evaluate -12 + (4 + -17 - (-6 - 0) - -20).
1
Evaluate (3 - 4) + -8 - (19 - 14).
-14
(-1 - (3 - 25)) + (1 - 9 - (7 + -7))
13
What is (-61 - -243) + -256 + 1 + -15?
-88
Evaluate (-46 + 41 - -27) + 9 + -4.
27
Calculate 24 - (109 + (-2 - 50)).
-33
Evaluate -12 - (2 + (-12 - -102)) - -10.
-94
Evaluate -63 - -49 - (-4 + 0 + (-3 - 2) + 95).
-100
Evaluate 97 + -103 - (-31 - -8).
17
(-57 - 5) + (-241 - -290)
-13
What is the value of -1 + -11 + 1 + 16 + (1 - -33)?
39
Calculate 139 - 103 - (31 - 2).
7
Evaluate (-22 - (5 + -29) - -4) + (2 - 10).
-2
Calculate -80 + (153 - 55) + -34.
-16
Evaluate (1 - 57 - (18 + -22)) + (10 - 28).
-70
What is 433 - 375 - (-22 - -113)?
-33
What is 57 - (13 + 7 + 78)?
-41
Evaluate 58 + 4 + (0 - 13) - -2 - (-7 - -3).
55
What is the value of 35 + (-11 - (-17 - (7 + 0) - -3) - 6)?
39
(1 - 15) + -3617 + 3601
-30
(-60 + -53 - (8 - 1 - 13)) + 0 + 12
-95
9 - 0 - (-20 - 0 - (-67 - -192 - 135))
19
-1 + 15 + (-166 - -230) + 2 + (16 - 11)
85
What is (-25 - -1) + (-142 - -170) + -35?
-31
What is the value of 74 - (-35 + 74) - 11?
24
Calculate -15968 - -15887 - (1 - 25 - 0).
-57
Calculate 21 - 4 - -5 - (-499 + 483).
38
Calculate 3 + -62 - (0 - -1 - ((106 - 27) + -72)).
-53
Calculate (7 - (-5 - -6)) + -9 - -1 - (-45 - 34).
77
Evaluate -9 + 11 + 2 + -1 - (28 + -60).
35
Evaluate (-35 - ((11 - -8) + -35)) + 31.
12
-70 + 20 + 0 + 22
-28
Evaluate -84 - (-35 - (-40 - 11)) - -47.
-53
What is the value of -79 + (74 - (110 + -23)) + 9 + 1?
-82
Calculate 54 - -3 - (-6 - (8 - (-2 + 1))).
72
What is the value of (29 + -81 - 25) + (7 - -35)?
-35
Evaluate (856 - 975) + 2 + (9 - -2).
-106
What is the value of (1 - -53) + (52 - 49) + -16 + 4 + -1?
44
Evaluate (4 - (-17 - -26)) + (0 - -15) + (52 - -18).
80
What is 1 + (-6 - -5) + 2 - (167 - (-89 - -157))?
-97
(-7 - (-2 + -5 + 3)) + 3 - (114 - 101)
-13
Evaluate 104 + -1 + -6 + 5 - (54 - (92 + -30)).
110
Calculate (-3 - (15 - -4 - 104) - 20) + -10.
52
47 - (0 - (14 + -3) - (-5 - (0 - -5)))
48
Calculate -7 - 13 - (-116 - -31 - -11).
54
Evaluate (3 - (-49 + (-16 - 17))) + (-4 - (0 - 0)).
81
What is the value of -44 + -118 + -12 + 116?
-58
What is 2 + -10 + 1 + -21 + 14 + -22 + 6?
-30
What is the value of (-1 - -58) + 0 + (-31 - -72 - 45) - 7?
46
-13 + (6 - -15) + 32 + -2
38
Calculate 7 - 39 - (-118 - (-13 + -67)).
6
Evaluate 0 + -3 + (16 + 0 - (123 - 111)).
1
(2 - 4) + -20 - (43 + -87 + 35)
-13
(-4 - -2) + 7 + (2 - -40 - 53) + 8
2
9 + (-5 - -1) - (28 + -5 + 10)
-28
What is -1151 - -1012 - (-89 - 1)?
-49
Evaluate -114 - ((-35 - 2) + -194).
117
What is 26 + (-12 - -17) - (8 - 4) - 7?
20
15 + 78 + (22 - (49 - -4))
62
-37 - (-98 + 145) - 40
-124
What is the value of 22273 + -22334 - (0 + -69)?
8
What is the value of -4 + (-50 + 43 - (-3 + -14)) + (-43 - -1)?
-36
-47 - (73 - 34) - -33
-53
What is the value of (1 - 0) + (17 - -36 - 42) + -28 + -4?
-20
What is 2 - (13 + 0) - (25 - (10 + 18)) - -73?
65
Calculate -80 + (86 - (160 - 55)).
-99
What is 109 + -67 - -14 - (-39 - -5)?
90
What is 72 + -39 + -13 + -21 + 4?
3
23 + (68 - 34) - 78
-21
What is (-112 - -6) + 49 + -2 - (-11 - (2 - 1))?
-47
What is the value of (-5 - (-22 + (-10 + -2 - -12))) + -8 + 17?
26
20 + (9 - 11 - 18 - -42)
42
Evaluate -2 + -4 + -46 + 48.
-4
Evaluate (-75 + 43 - -71) + -104.
-65
Evaluate (11 - 7) + -3 + -7 + 8 - 4 - 24.
-26
Evaluate (-6 - -26 - (-4 - -38)) + 4 + (4 - 15).
-21
What is 30 - (0 + 1 - (-78 + 85))?
36
Evaluate -80 - ((10 - (14 - 21)) + -2 + -4).
-91
Calculate (7 + -21 - -31) + 40 + -21.
36
Calculate (8 - -1 - (-267 - -259)) + (-1 - -1 - -8).
25
What is -2 + -32 + -12 + 10 - -9?
-27
What is -2 + -19 + -91 + 46?
-66
Calculate 81 + -116 + (-1 - 2) - -3.
-35
Calculate -16 + (9 + -18 - -15) + 46.
36
What is 0 - -43 - (76 + -5 + -65)?
37
Evaluate -50 + (41 - 44) + (-1 - 3).
-57
What is (-8 - 2) + 33 + -10 + (-3 - -14)?
24
What is the value of 17 - (-8 + -3 + (5 + 2 - (62 - 59)))?
24
Evaluate 2 - 4 - ((0 - -2 - (-44 - 2)) + 5).
-55
-49 + (-76 - -29) + 107
11
Evaluate 12 - 36 - 9 - (-3 + 1).
-31
Calculate -5 - -9 - (6 - (-1 - 19)) - 11.
-33
What is the value of 28 + 2 + -8 - 6 - (115 + -35)?
-64
-7 - -23 - (113 - (-6 - (1 + -13)))
-91
What is 381 + -357 + -70 + (4 - 3)?
-45
What is the value of (-6 - (-3 + -12)) + 5 + -46 + 2?
-30
Evaluate 101 + -2 + (10 - 8 - (10 + (-9 - 0))).
100
Evaluate (8 - 14) + 3 + 45 - 14.
28
Evaluate 1 + -20 - (6505 - 6525).
1
Evaluate 18 + -22 + 19 + (16 - -5).
36
Calculate -1 - (-3 - -4) - (54 - 174) - (2 + -16).
132
Calculate -27 + 0 + 48 - (2 - 0).
19
Calculate 1063 + -1094 + (-1 - -36) + 70.
74
Calculate -33 - ((-3 + 9 - 11) + 7 + 11).
-46
Calculate -16 - (14 - (20 + -3) - 101).
88
Calculate 44 + 25 + -55 + 36 + -